46. What is t(9)?
-6
Let b(a) = -35*a - 49. Calculate b(-8).
231
Let b(d) = -59*d**2 - 6*d + 1. Determine b(1).
-64
Let v(z) = -14*z - 585. Calculate v(-42).
3
Let l(p) = 9*p**2 - 792*p - 7. Determine l(88).
-7
Let w(t) = -30*t + 265. What is w(11)?
-65
Let q(k) = -4*k**2 - 125*k + 1399. What is q(9)?
-50
Let h(a) = -2*a**3 - 55*a**2 + 91*a + 173. What is h(-29)?
57
Let x(j) = 113*j**2 - 3*j + 3. Calculate x(1).
113
Let o(w) = -226*w - 4569. Determine o(-21).
177
Let i(d) = 20*d**2 + 102*d + 33. Calculate i(-8).
497
Let c(q) = 7*q**3 + 2*q**2 + 49*q - 49. What is c(1)?
9
Let i(r) = -115*r + 672. Determine i(6).
-18
Let d(r) = -r**2 + 46*r + 2849. Give d(-35).
14
Let v(a) = -486*a - 9. What is v(0)?
-9
Let a(t) = -6*t**2 + 522*t + 305. Determine a(88).
-223
Let o(t) = t**3 - 9*t**2 + 18*t - 35. Determine o(8).
45
Let m(k) = -k**2 - 26*k - 54. What is m(-24)?
-6
Let t(p) = p**3 + 5*p**2 - 3*p - 4. Give t(-5).
11
Let r(i) = 13*i - 358. What is r(0)?
-358
Let z(l) = 24*l - 672. Give z(25).
-72
Let q(g) = g**2 - 236*g + 2255. Calculate q(10).
-5
Let n(p) = p**3 + 2*p**2 + 4*p + 49. Determine n(-5).
-46
Let j(z) = -45*z - 1095. What is j(-26)?
75
Let u(r) = 5*r**2 - 258*r - 2710. What is u(-10)?
370
Let o(q) = q**2 + 48*q + 469. Calculate o(-24).
-107
Let m(g) = -g**2 - 32*g + 444. Calculate m(-42).
24
Let s(q) = -42*q - 115. Give s(-5).
95
Let q(y) = -y**3 + 9*y**2 - 4*y - 192. What is q(10)?
-332
Let o(z) = z**3 - 150*z**2 - 410*z - 7495. Give o(153).
2
Let k(l) = -65*l - 5158. Calculate k(-84).
302
Let i(q) = 6*q**2 - 493*q - 428. Calculate i(83).
-13
Let o(k) = -3*k**3 - 25*k**2 + 10*k - 23. Calculate o(-9).
49
Let w(d) = 3*d**2 + 120*d + 529. What is w(-5)?
4
Let i(x) = 2*x**2 + 68*x - 495. What is i(-38)?
-191
Let d(a) = -4*a**2 + 36*a - 7. Determine d(7).
49
Let x(s) = -s**3 + 2*s**2 - 3*s - 71. Give x(0).
-71
Let p(g) = -g**2 + 43*g + 550. Calculate p(54).
-44
Let j(w) = w**2 + 87*w - 12192. What is j(75)?
-42
Let q(d) = 82*d - 302. Determine q(5).
108
Let w(z) = -68*z - 11904. Determine w(-175).
-4
Let x(l) = 4*l**3 + 34*l**2 + 14*l + 15. What is x(-9)?
-273
Let d(g) = -2*g**2 - 161*g - 246. Calculate d(-79).
-9
Let t(y) = -y**2 + 47*y - 405. Give t(13).
37
Let y(s) = 473*s + 3303. Determine y(-7).
-8
Let m(h) = -767*h - 1535. What is m(-2)?
-1
Let q(j) = -j**3 - 45*j**2 - 94*j - 342. What is q(-43)?
2
Let m(y) = 288*y + 2316. What is m(-8)?
12
Let a(p) = -3*p**2 + 91*p - 50. Calculate a(27).
220
Let x(f) = f**3 + 12*f**2 + 75*f + 453. What is x(-8)?
109
Let p(m) = m**3 + 3*m**2 - 503*m + 41. Give p(-24).
17
Let i(h) = -9*h**2 - 389*h - 764. Determine i(-2).
-22
Let h(v) = 251*v**2 - 1755*v - 16. Calculate h(7).
-2
Let y(p) = -3*p**3 - 42*p**2 - 150*p + 1. Calculate y(-5).
76
Let v(c) = -c**3 + 9*c**2 + 79*c - 291. What is v(3)?
0
Let l(r) = -304*r**3 - r**2 + 18*r + 19. Calculate l(-1).
304
Let v(s) = s**2 - 380*s + 14792. Calculate v(44).
8
Let w(k) = -667*k - 5344. What is w(-8)?
-8
Let w(d) = d**3 + 4*d**2 + 481*d + 2418. Calculate w(-5).
-12
Let x(q) = -q**3 + 4*q**2 + 353*q + 84. Give x(21).
0
Let k(r) = 39*r - 1477. Determine k(34).
-151
Let u(c) = 3381*c - 3357. Determine u(1).
24
Let c(y) = -2*y**2 + 77*y - 708. Determine c(21).
27
Let f(j) = 439*j + 2132. Determine f(-5).
-63
Let q(u) = -8*u**2 - 30*u - 164. Give q(-5).
-214
Let b(w) = -85*w - 12. Determine b(7).
-607
Let p(o) = -83*o - 23. Calculate p(4).
-355
Let g(v) = 18*v - 45. Give g(10).
135
Let m(q) = -q**3 + 2*q**2 - 66. Calculate m(-5).
109
Let q(a) = -18*a**2 - 423*a + 3. Calculate q(-22).
597
Let i(s) = -202*s - 4. What is i(0)?
-4
Let x(j) = -6*j**3 + 7*j**2 + 21*j + 24. What is x(-2)?
58
Let b(a) = -153*a + 1062. Determine b(11).
-621
Let u(v) = 68*v - 1595. What is u(22)?
-99
Let j(b) = b**3 - 32*b**2 + 10*b - 7. Calculate j(0).
-7
Let q(l) = -l**3 - 31*l**2 - 132*l - 135. Give q(-26).
-83
Let p(b) = -33*b - 183. Calculate p(-6).
15
Let w(h) = 3*h**2 + 32*h - 105. Give w(-13).
-14
Let l(a) = 10*a**2 + 15*a + 43. What is l(-4)?
143
Let y(h) = -h**3 + 4*h**2 + h + 24. What is y(0)?
24
Let c(p) = 1331*p + 7989. Calculate c(-6).
3
Let j(h) = -112*h**2 - 894*h + 5. What is j(-8)?
-11
Let q(u) = 2*u**3 - 7*u**2 - 3*u - 51. Give q(5).
9
Let j(t) = 38*t + 5556. What is j(-146)?
8
Let x(p) = 154*p + 415. What is x(-4)?
-201
Let w(u) = -711*u + 22046. What is w(31)?
5
Let c(a) = -2*a**3 + 8*a**2 + 8*a - 45. Give c(4).
-13
Let r(m) = -m - 205. What is r(-23)?
-182
Let m(r) = -r**2 + 2983*r - 23836. What is m(8)?
-36
Let v(s) = -3*s**2 + 35*s + 587. What is v(-10)?
-63
Let j(r) = r**2 - 310*r + 21113. Determine j(101).
4
Let g(c) = -c**3 - 19*c**2 + 183*c + 25. What is g(-26)?
-1
Let z(r) = -7941*r + 15887. Give z(2).
5
Let g(m) = -m**3 - 10*m**2 + 4*m + 26. Give g(-4).
-86
Let m(n) = 7*n**3 + 2*n**2 + 5*n - 7. What is m(6)?
1607
Let x(w) = -65*w + 984. What is x(15)?
9
Let u(w) = -12*w + 236. Give u(21).
-16
Let v(x) = 5*x**2 - 43*x + 387. Calculate v(11).
519
Let a(b) = b**2 - 7*b - 6. Give a(9).
12
Let q(f) = -11*f**3 + 497*f**2 - 95*f + 224. Calculate q(45).
-1
Let f(o) = 6*o**3 - 16*o**2 + 8*o + 7. Give f(5).
397
Let f(d) = -424*d + 17390. Calculate f(41).
6
Let n(l) = l**2 - 648*l - 11277. Determine n(-17).
28
Let b(w) = -4*w**2 - 20*w + 162. Determine b(6).
-102
Let f(n) = 39*n + 675. What is f(-18)?
-27
Let s(m) = m**3 - 43*m + 107. Determine s(3).
5
Let p(u) = u - 12. Calculate p(21).
9
Let j(i) = -i**3 - i**2 + 19*i + 34. What is j(-3)?
-5
Let g(t) = -t**3 + 18*t**2 - 6*t + 62. Determine g(19).
-413
Let i(p) = 3*p**3 - 17*p**2 - 8*p + 11. Determine i(6).
-1
Let f(t) = 1228*t + 134. What is f(0)?
134
Let p(i) = 2*i**2 + 5*i + 10. What is p(-3)?
13
Let v(j) = 3*j + 320. Give v(-30).
230
Let f(v) = -v**3 + 10*v**2 + 8*v - 37. Calculate f(-2).
-5
Let t(c) = -c**3 + 15*c**2 - 75*c + 142. Give t(9).
-47
Let g(t) = -t**3 - 7*t**2 + 206*t - 43. What is g(11)?
45
Let u(d) = -4*d - 64. Calculate u(-9).
-28
Let r(a) = a**3 - a**2 + 19*a + 53. Determine r(0).
53
Let v(s) = -9*s**2 - 13*s - 670. Calculate v(0).
-670
Let z(h) = -52*h - 243. Give z(-8).
173
Let r(g) = g**3 + 10*g**2 - 43*g - 112. What is r(-13)?
-60
Let f(l) = -l**2 - 11*l - 19. Calculate f(-11).
-19
Let q(p) = 3*p**2 + 176*p + 592. Calculate q(-54).
-164
Let x(h) = h**2 - 11*h - 112. Calculate x(-7).
14
Let a(g) = -2*g**3 + 18*g**2 + 19*g + 13. What is a(10)?
3
Let u(y) = -y**2 - 242*y + 3858. What is u(-257)?
3
Let d(y) = -361*y + 233. Determine d(1).
-128
Let z(n) = -2*n**2 + 65*n - 131. Determine z(28).
121
Let k(x) = -2*x**2 - 74*x - 465. Give k(-31).
-93
Let q(w) = -w**2 - 53*w + 25. Give q(-49).
221
Let s(d) = -d**3 + 7*d**2 - 12*d + 159. What is s(7)?
75
Let f(k) = 7*k**2 - 159*k + 197. Give f(21).
-55
Let o(x) = x**3 - 10*x**2 + x + 18. Give o(11).
150
Let c(u) = 2*u**2 + 72*u + 471. Calculate c(-28).
23
Let v(b) = -b**3 + 29*b**2 - 58*b + 113. Give v(27).
5
Let m(x) = 9088*x - 218119. Calculate m(24).
-7
Let r(s) = -s**3 + 11*s**2 - 41*s + 61. What is r(6)?
-5
Let o(m) = m**3 + 6*m**2 - 28*m - 54. Calculate o(-9).
-45
Let f(d) = -3*d**2 + 6*d + 37. Calculate f(-4).
-35
Let s(u) = -29*u - 907. Calculate s(-31).
-8
Let g(y) = -638*y + 3183. Determine g(5).
-7
Let x(v) = v**3 - 7*v**2 + 16*v - 58. Give x(7).
54
Let d(i) = 151*i**2 + 23*i + 37. Calculate d(-2).
595
Let d(k) = k**3 + 14*k**2 + 38*k + 545. Determine d(-14).
13
Let d(s) = -6*s**3 - 9*s**2 + 22*s + 30. Determine d(-1).
5
Let l(b) = -29*b**2 + 1567*b - 81. Determine l(54).
-27
Let a(b) = -71*b - 3568. Give a(-50).
-18
Let d(i) = i**3 - 89*i**2 - 3263*i - 1525. Give d(117).
-4
Let u(m) = -3*m**3 + 25*m**2 + 17*m + 14. Calculate u(9).
5
Let b(x) = 22*x**3 + 1524*x**2 + 416*x + 146. Give b(-69).
8
Let t(r) = -72*r - 511. Determine t(-8).
65
Let f(y) = 31*y - 5. Determine f(-5).
-160
Let g(b) = 116*b - 531. Calculate g(4).
-67
Let q(s) = 6*s**2 + 40*s + 66. Calculate q(-4).
2
Let j(t) = 115*t - 345. Give j(3).
0
Let q(j) = -2*j**3 + 46*j**2 - 118*j - 45. What is q(20)?
-5
Let y(k) = -k**2 + 24*k - 112. Determine y(4).
-32
Let p(t) = -299*t + 5381. Give p(18).
-1
Let d(z) = 307*z - 21. What is d(0)?
-21
Let x(y) = 2009*y + 14116. Give x(-7).
53
Let t(p) = 2*p**2 + 56*p - 309. What is t(5)?
21
Let c(v) = -2*v**3 + 2*v**2 + 3*v - 5. Give c(4).
-89
Le